t is the highest common factor of 5723500 and 20?
20
What is the greatest common factor of 20951 and 141204?
287
Calculate the highest common divisor of 163611 and 315.
63
What is the greatest common divisor of 1717109 and 628?
157
What is the highest common factor of 2241 and 44199?
27
What is the highest common divisor of 26715 and 10?
5
Calculate the highest common factor of 353717 and 184.
23
What is the highest common factor of 180067 and 92?
23
Calculate the greatest common divisor of 15 and 920685.
15
Calculate the greatest common factor of 3304 and 5428.
236
Calculate the highest common factor of 5102755 and 1085.
1085
Calculate the greatest common divisor of 142 and 171323.
71
Calculate the greatest common divisor of 89872 and 8200.
328
Calculate the greatest common factor of 216876 and 930.
186
Calculate the highest common divisor of 3268 and 2128.
76
Calculate the highest common divisor of 465 and 720.
15
What is the greatest common divisor of 224 and 1776?
16
Calculate the greatest common divisor of 52680 and 1752.
24
Calculate the highest common divisor of 22 and 2666477.
11
What is the highest common divisor of 264 and 72006?
66
Calculate the greatest common divisor of 74939 and 1096.
137
What is the greatest common divisor of 2910 and 15960?
30
Calculate the highest common factor of 10 and 715.
5
What is the greatest common divisor of 88 and 206976?
88
Calculate the greatest common divisor of 39 and 9334.
13
What is the greatest common factor of 7 and 10294963?
7
What is the highest common factor of 120 and 22344?
24
Calculate the greatest common factor of 47574 and 258133.
881
What is the highest common factor of 3752 and 60836?
268
Calculate the greatest common divisor of 11978 and 452.
226
What is the greatest common divisor of 102 and 416942?
34
Calculate the greatest common factor of 25 and 55030.
5
Calculate the highest common factor of 50 and 326030.
10
What is the highest common divisor of 4 and 435102?
2
What is the highest common divisor of 77186 and 4?
2
What is the highest common factor of 725 and 775?
25
What is the greatest common divisor of 104 and 78728?
104
Calculate the highest common factor of 75000 and 360.
120
What is the highest common divisor of 828 and 1892?
4
What is the highest common factor of 132235 and 5489?
499
Calculate the highest common divisor of 533 and 29159.
13
What is the greatest common factor of 75838 and 658?
14
What is the greatest common divisor of 6513 and 3185?
13
Calculate the highest common factor of 27020 and 38.
2
What is the greatest common factor of 6956 and 84804?
148
What is the highest common factor of 385 and 546623?
77
Calculate the greatest common factor of 616 and 32494.
154
Calculate the greatest common factor of 1215 and 138.
3
What is the greatest common factor of 1193 and 32?
1
Calculate the highest common divisor of 109 and 393817.
109
Calculate the highest common factor of 1580 and 224.
4
Calculate the greatest common factor of 134057 and 154.
77
What is the highest common factor of 29880 and 216?
72
Calculate the greatest common factor of 915 and 92171.
61
Calculate the greatest common divisor of 148 and 561142.
74
Calculate the highest common divisor of 560604 and 372.
372
What is the highest common factor of 551 and 74066?
29
What is the highest common factor of 90 and 30990?
30
What is the highest common factor of 335138 and 34?
34
What is the highest common divisor of 174 and 248066?
58
What is the greatest common factor of 1739 and 3774?
37
What is the greatest common factor of 420 and 480?
60
What is the greatest common divisor of 8203 and 416?
13
What is the greatest common factor of 12 and 3556?
4
Calculate the highest common divisor of 57857 and 47.
47
What is the highest common factor of 15024 and 1692?
12
Calculate the highest common divisor of 53 and 4378383.
53
What is the highest common divisor of 22252 and 4?
4
Calculate the greatest common divisor of 6732 and 396.
396
What is the greatest common divisor of 9 and 29901?
3
Calculate the highest common factor of 9576 and 9912.
168
What is the highest common divisor of 118421 and 158?
79
What is the highest common divisor of 1062 and 150863?
59
What is the highest common factor of 170 and 16966?
34
What is the highest common factor of 2941 and 1105?
17
Calculate the highest common divisor of 53544 and 10282.
194
Calculate the highest common divisor of 6358 and 2706.
22
Calculate the greatest common factor of 1680 and 104496.
336
Calculate the highest common divisor of 653549 and 78.
13
Calculate the highest common divisor of 4439 and 5497.
23
What is the greatest common divisor of 50500 and 27270?
1010
What is the highest common factor of 32 and 1834344?
8
What is the greatest common divisor of 366690 and 2876?
1438
What is the greatest common divisor of 1555 and 94233?
311
Calculate the highest common factor of 32639 and 127.
127
What is the greatest common divisor of 44034 and 492?
246
Calculate the greatest common divisor of 62 and 3491251.
31
Calculate the greatest common divisor of 3925 and 100.
25
What is the greatest common divisor of 43932 and 168?
84
What is the highest common divisor of 24 and 888?
24
What is the greatest common factor of 898411 and 146?
73
Calculate the greatest common divisor of 112290 and 60.
30
What is the greatest common divisor of 20 and 109530?
10
Calculate the greatest common factor of 45 and 58365.
45
What is the greatest common divisor of 815699 and 614?
307
What is the highest common factor of 1729 and 1333423?
91
What is the greatest common divisor of 601979 and 46?
23
What is the greatest common divisor of 130 and 128245?
65
What is the greatest common divisor of 3928 and 772834?
982
What is the greatest common factor of 12 and 197244?
12
Calculate the greatest common divisor of 79092 and 288.
36
What is the greatest common factor of 30 and 68290?
10
What is the greatest common factor of 1330 and 247?
19
What is the highest common factor of 12930 and 6150?
30
Calculate the highest common factor of 104 and 2064.
8
Calculate the highest common factor of 8872 and 16.
8
What is the highest common divisor of 1452 and 158752?
484
What is the greatest common factor of 32868 and 581?
83
What is the highest common factor of 4939 and 17062?
449
What is the highest common divisor of 19585 and 5?
5
What is the highest common factor of 2837 and 64?
1
What is the greatest common factor of 3616 and 24672?
32
What is the highest common factor of 734988 and 276?
276
Calculate the greatest common factor of 734720 and 160.
160
What is the greatest common factor of 39 and 591396?
39
What is the greatest common factor of 43 and 685033?
43
What is the greatest common divisor of 14 and 1000321?
7
Calculate the highest common divisor of 10316 and 992.
4
Calculate the greatest common factor of 16 and 403632.
16
What is the highest common divisor of 7 and 6503861?
7
Calculate the greatest common factor of 3020 and 4740.
20
Calculate the highest common divisor of 1715623 and 17.
17
What is the highest common factor of 8687 and 136?
17
What is the greatest common divisor of 3248 and 2240?
112
What is the greatest common factor of 4 and 78174?
2
What is the greatest common divisor of 287 and 410?
41
Calculate the highest common divisor of 298 and 16592938.
298
What is the greatest common divisor of 902 and 1052183?
451
What is the highest common divisor of 21386 and 8500?
34
What is the greatest common divisor of 9744 and 294?
42
What is the highest common factor of 53 and 4788709?
53
Calculate the greatest common divisor of 4860352 and 76.
76
Calculate the greatest common factor of 1233 and 1122167.
137
What is the highest common divisor of 52 and 333398?
26
Calculate the highest common divisor of 33218 and 34.
34
Calculate the highest common factor of 2048 and 15280.
16
What is the highest common factor of 198 and 46242?
18
What is the highest common factor of 10230 and 26660?
310
Calculate the highest common divisor of 36893 and 3269.
467
Calculate the highest common divisor of 4256 and 1400.
56
Calculate the highest common factor of 5035 and 430.
5
What is the greatest common factor of 1231786 and 68?
34
Calculate the greatest common divisor of 31320 and 68730.
870
Calculate the high